21*j(b). List the prime factors of y(-6).
2, 3, 37
Suppose -3*z = 0, -4*z = -w + 152 + 152. Suppose 2*b = 8 + w. Let u = -97 + b. List the prime factors of u.
59
Let h(a) = -49*a - 756. Let b be h(0). Let n = 2172 + b. What are the prime factors of n?
2, 3, 59
Let o(x) = 4*x**3 - 8*x**2 + 16*x + 4. Suppose -2*h = -u - 7*h - 1, 3*u = -4*h + 8. List the prime factors of o(u).
2, 7
Let o = 62 - 83. Let d = o - -23. Suppose -4*p - m + 2*m + 209 = 0, 2*p + d*m = 112. What are the prime factors of p?
53
Suppose -3 + 21 = 2*m. Suppose -m*j + 13*j - 2716 = 0. List the prime factors of j.
7, 97
Suppose 2*u - 33838 = -q, 2*u - 103*q + 101*q - 33820 = 0. What are the prime factors of u?
2, 4229
Suppose -v = 5, -3*v - 8 = -3*d + 1. Let u be 286/(-5) - d - 1/(-5). Let y = u - -135. What are the prime factors of y?
2, 5
Let d(t) = -31*t - 2. Let y be d(0). List the prime factors of y/(-4) + (-1470)/(-20).
2, 37
Let a(k) = k**3 + 2*k**2 - 2*k - 1. Let p be a(-2). Let b be (20/6)/(2/p). Suppose -u + 33 = 2*u + n, -b*u = -2*n - 44. What are the prime factors of u?
2, 5
Suppose 0 = -3*s + 2*z + 1217 - 364, -3*s - z = -838. What are the prime factors of s?
281
Let v(h) = -h**3 + 8*h**2 + 2*h - 12. Let u be v(8). Suppose u*x - 1335 = 3*n, -5*n - 197 = -x + 141. List the prime factors of x.
3, 37
Let b(n) = 2*n**3 - 22*n**2 + 2*n - 19. Let w be b(11). What are the prime factors of (w/(-2)*-2)/(9/3507)?
7, 167
Let p(n) be the third derivative of 29*n**4/24 + 79*n**3/3 - 47*n**2. List the prime factors of p(18).
2, 5, 17
Let o(n) = -n**2 - 5*n - 6. Let l be o(-1). What are the prime factors of (l - 5/(-2))/(8/608)?
2, 19
Let d be 5 - -1 - (-1 + 3). Suppose 0 = f - d*a - 397, -4*f - 846 = -6*f - 5*a. What are the prime factors of f?
7, 59
Let w(h) = 316*h + 10. Let q(n) = n + 11. Let o be q(-8). Let r be w(o). Suppose -4*f = -4*x - x + 966, 2*f + r = 5*x. List the prime factors of x.
2, 5, 19
Suppose -2*s = 4*b - 0*s + 50, -5 = 5*s. What are the prime factors of -514*-15*(-2)/b?
5, 257
Suppose -2*d = q + 11, 16 = -q - 6*d + 3*d. Let h be ((-1 - -1) + q)/(1/(-31)). Let n = 124 + h. What are the prime factors of n?
5, 31
Let x(i) = 113 - 5*i - 3*i - 8 + i**2 + 2*i**2. What are the prime factors of x(17)?
2, 11, 19
Suppose l = 5*u - 101544, 46*l = 3*u + 50*l - 60908. List the prime factors of u.
2, 5077
Suppose -32*s + 2852022 = 25*s - 23*s. What are the prime factors of s?
3, 27961
Let d(f) = 18*f**2 - 50*f - 696. List the prime factors of d(-28).
2, 463
Suppose -i + 28 = 3*f - 144, 167 = i + 2*f. Let d = i + -88. What are the prime factors of d?
3, 23
Suppose 800*c - 11730092 = -10155927 + 50362635. List the prime factors of c.
64921
Let l(y) = -2*y**3 - 18*y**2 + 5*y + 17. Let m be l(-11). Suppose -2*i = -m - 542. What are the prime factors of i?
2, 13, 19
Suppose -3*l + 4766 + 4522 = j, -j - 5*l + 9282 = 0. List the prime factors of j.
3, 1033
Let y = 172 + -168. Let z(g) = 2*g**2 + 12*g - 27. What are the prime factors of z(y)?
53
Let x(b) = 4*b + 42. Let t be x(16). Let q = 102 - t. List the prime factors of 114 - (q + 0 + 4 - 2).
2, 29
What are the prime factors of 4/(-46) + (-1705696)/(-184)?
2, 3, 5, 103
Let n be ((-6)/2 + 2)/((-1)/3). Suppose -n*o + 312 + 288 = 0. Let y = o - 100. List the prime factors of y.
2, 5
Suppose -166 + 58 = -3*s. Suppose g + z = s, -2*z + 4 = 2. List the prime factors of (-6)/21 - -9*215/g.
5, 11
Let n(f) = -8*f**2 + 2*f + 4. Let g be n(-3). Suppose 5*i + 1030 = 5*j, -18*i - 618 = -3*j - 23*i. Let v = j + g. What are the prime factors of v?
2, 3, 11
Let l(q) = 21*q**2 + 9*q + 1074. List the prime factors of l(-25).
2, 3, 17, 137
Suppose 232 + 506 = 6*g. Suppose 0*u + 10 = 5*u. Suppose 2*s - 7 = 5*k + g, u*k = -4. What are the prime factors of s?
2, 3, 5
Let x = 1731 - 1153. Let p = -284 + 481. Suppose -p = 3*l - x. What are the prime factors of l?
127
Let d be 4/10 - (4 - 16374/(-10)). Let l = d + 2787. Suppose l = 11*q + 145. What are the prime factors of q?
7, 13
Let n(c) = 2*c**2 + 46*c + 23. Let i be n(-12). Let g = i - -1219. List the prime factors of g.
2, 3, 163
Let d be -521 + 5*(3 + (-11)/5). Let b = -111 - d. List the prime factors of b.
2, 7, 29
Let b = -23898 + 60197. What are the prime factors of b?
36299
What are the prime factors of (14134/(-185))/(663/(-165) + 4)?
2, 11, 191
Let l be 2 + 1796/(-8)*-4. List the prime factors of (-3266)/(-30) - (-5)/(l/24).
109
Suppose i - 4*l = 8, 6 = -2*i - 5*l - 4. Let c(g) = -g**3 + 2*g**2 - 2*g + 928. Let h be c(i). Suppose 5*x - 402 = h. What are the prime factors of x?
2, 7, 19
Suppose 5*y + 457 = 3*n, -3*y + 841 = 3*n + 2*n. List the prime factors of n.
2, 41
Let u = -27 + 25. Let m be ((-2)/(-2))/u*(-82 - 592). Let w = m + -186. What are the prime factors of w?
151
Let t = 382 - -534. Suppose -3*v + 3*q = v - 921, 4*q = 4*v - t. What are the prime factors of v?
2, 3, 13
Let z(o) = o**3 - 17*o**2 - 44. Let w be z(16). Let g = 293 - w. Let l = 872 - g. What are the prime factors of l?
3, 31
List the prime factors of (11067/(-62))/((-7)/294).
3, 7, 17
Suppose 12*w - 7*w - 2900 = 0. Let a = w + -178. List the prime factors of a.
2, 3, 67
Suppose 5*l - 268302 = 3*y, 4*l = -3*y + 120655 + 94019. List the prime factors of l.
2, 3, 13, 43
Suppose 2*a + 28 = 5*b, 2*b - 4 = -b - 2*a. Let l be (-2)/(-16) - 0 - 63976/(-704). Suppose -1 = b*g - 3*g, -z + l = -5*g. List the prime factors of z.
2, 43
Let f be 2 + -3 + (3/(-1) - -13). Suppose -4*q = 5*x - 1073, -q - f*x = -11*x - 278. List the prime factors of q.
2, 17
What are the prime factors of ((-38)/(-6))/(-23*1/(-41193))?
3, 19, 199
Suppose b + 12 = -5*c + 4*b, -b + 4 = -c. Suppose c = -7*o + 14727 - 5809. What are the prime factors of o?
2, 7, 13
Let y be (-1)/(-1) + (-5 - (-11 + -6)). Suppose 5*q - 5654 = -3*h, -15*q + y*q = 2*h - 3776. What are the prime factors of h?
3, 631
What are the prime factors of (-535)/3210 + (-474482)/(-12)?
2, 3, 5, 659
Let y(z) = z**3 - z**2 - 6*z - 5. Let p be (-44)/(-36) - 2/9. Suppose -b - p - 4 = -2*f, -2*f + 5*b = 15. List the prime factors of y(f).
5, 13
Let p = -1137 - -2915. What are the prime factors of (636/371)/(1/(p/4))?
2, 3, 127
Let v(d) = 10*d**2 - 871*d + 49. List the prime factors of v(95).
2, 3, 1259
Suppose 14 = -f + 19. Suppose f*k = c + 523, -5*k = -6*k - 5*c + 115. Let j = k + -90. What are the prime factors of j?
3, 5
Let s(a) = 23*a + 43. Let p be s(-5). Let i = p - -275. What are the prime factors of i?
7, 29
Let q(p) = 26*p - 157. Suppose -2*s - 3*k - 1 = 0, -29*s - k - 26 = -32*s. List the prime factors of q(s).
5
Let h(o) = o**2 - 10*o - 95. Let w be h(-6). Let g = -25 + 5. List the prime factors of g*w*(-1 - 0).
2, 5
Let q(x) = -2*x + 85. Let w(n) = -14*n - 3. Let z be w(1). List the prime factors of q(z).
7, 17
Let m(f) = f**3 - 16*f**2 + 27*f + 21. Let h be m(15). Let o be h + 0 + (-2)/(-1). Suppose n = u - 6*u + 204, 5*u = -2*n + o. List the prime factors of u.
41
Let i be (396/(-3))/(22/55). What are the prime factors of (-4 - -4 - i) + 1 - -1?
2, 83
Suppose -229 = 14*a - 13*a. Let u = -553 + 876. Let f = a + u. List the prime factors of f.
2, 47
Let r = -9400 - -25215. What are the prime factors of r?
5, 3163
Let n(m) = 9*m**2 - 28*m + 523. What are the prime factors of n(-43)?
2, 7, 41
Suppose 2*s - 8 = -2*d, 4*d + 24 = 4*s - 0*d. Suppose -4*i + 8 = -5*n, -s = -i - 3. List the prime factors of 1/2*(2 + n + 200).
101
What are the prime factors of (-2)/((-126)/(-21))*-55281?
18427
Suppose 18*i = 577915 - 118969. List the prime factors of i.
3, 2833
Let x(y) = 7*y**2 + 263*y + 146. What are the prime factors of x(80)?
2, 32993
List the prime factors of (-208)/(-78)*(1/7 + 333355/140).
2, 5, 127
Let y be 0 - (-4382 - (4 + -8)). Suppose -7*r + 2615 = -y. What are the prime factors of r?
3, 37
Let o be (-10)/(-5) + 9*278. Suppose 4*q = -3*t - t + o, 1857 = 3*t - 4*q. What are the prime factors of t?
7, 89
List the prime factors of (14 - 320432/84)/((-6)/9).
5701
Let v be ((-6)/(-4))/(1/2). Suppose -67 = -v*w + 92. List the prime factors of w.
53
Suppose -j - 21805 = -2*u - 6576, 5*u - j = 38080. List the prime factors of u.
3, 2539
Let n = 1889 + -432. Suppose 1799 = 22*x - n. List the prime factors of x.
2, 37
Let r = 80 - 64. Let d = 9 - r. Let f = d - -13. What are the